 x(c) = -1. Let p(q) = q - 5. Let n be (-4)/(-18) + (-50)/(-18). Let f(l) = n*x(l) + p(l). Calculate f(6).
-2
Let f = 9 + -8. Let x(v) = -2*v**3. Let d be x(f). Let b(g) = -2*g**2 - 2*g + 1. Calculate b(d).
-3
Let j(v) be the first derivative of v**3/3 - 2*v**2 - 4*v - 59. Calculate j(5).
1
Let q(d) = -d**2 + 5*d - 3. Suppose -47 = 5*z + 8. Let a = -8 - z. Determine q(a).
3
Let s(c) = 15*c**3 + c**2 - 2*c + 1. Let q be s(1). Let l(v) = q*v - 6*v - 8*v. Determine l(-2).
-2
Let r(j) = 5*j. Let w be r(-1). Let g(a) be the third derivative of a**4/12 - a**3/6 - 10*a**2. Give g(w).
-11
Let c(x) be the second derivative of -x**4/12 + x**3/6 - 3*x**2/2 + 2*x - 9. Determine c(0).
-3
Let h(a) = -a + 5. Suppose -4*c + 13 = -11. Calculate h(c).
-1
Suppose 31*k + 30 = 26*k. Let x(t) = -2*t - 4. Determine x(k).
8
Let u(o) be the third derivative of -o**5/120 + o**4/8 - o**3/2 + 2*o**2. Let s(z) be the first derivative of u(z). Let b be (-23)/5 + 2/(-5). Calculate s(b).
8
Let o(t) = t + 1. Let b(g) = -g + 10. Let k(q) = -q + 19. Let f(u) = 5*b(u) - 3*k(u). Let c(s) = -f(s) - 4*o(s). Give c(4).
-5
Let c(u) be the second derivative of -u**5/20 - u**4/2 - 5*u**2/2 + 16*u. Let w be 1/(-2) + 22/(-4). Give c(w).
-5
Let s(o) = o + 3. Let c(j) = j**3 - 2*j**2 - 3*j + 2. Let b be c(3). Suppose 2*h + 16 = -b*h. What is s(h)?
-1
Let i = 682 + -1202. Let z be (-2)/(-7) + i/(-91). Let n(b) = -2*b + 8. Determine n(z).
-4
Suppose -3 = -2*c - 23. Let n(f) = -f**2 - 10*f + 3. Let k be n(c). Let l(y) = -k*y + 2*y + 9 + 0*y. Determine l(6).
3
Suppose 2*t - 4*z = -16, -5*t + 19 = 4*z + 3. Let i(d) = 2*d**3 - 47 - 3*d**3 + 41. What is i(t)?
-6
Let g be (1/2 + 0)*-2. Let q = -5 - -7. Let k(r) = -r**2 + 7*r**2 + r + 0*r**q - r**2. Calculate k(g).
4
Let d(p) = p + 7. Let k be d(-5). Suppose 3*q = 5 - k. Let n = q - 6. Let s(v) = v**3 + 6*v**2 + 6*v + 2. Give s(n).
-3
Suppose 8*p = 4*p - 32. Let c(q) = q**2 + 9*q + 3. What is c(p)?
-5
Suppose 3*s = 5 + 4. Suppose 0 = -2*o + 5*d - s - 6, d - 6 = -o. Let n(f) = f - 6. Give n(o).
-3
Let n(g) = 15*g - 17*g - 2*g**2 - 1 + 2. Give n(1).
-3
Let d(z) = -z**3 + z**2 + z - 6. Suppose 5*j + 4*q - 9*q + 10 = 0, 3*q - 6 = 0. Calculate d(j).
-6
Let m(h) = h**2 + 6*h. Let i be m(-5). Let k(t) = t**3 + 4*t**2 - 6*t + 2. What is k(i)?
7
Let s(u) = u - 1. Let q(c) = -12*c + 13. Let h(v) = 2*q(v) + 22*s(v). Determine h(6).
-8
Let y(z) = z**2 - 12*z + 5. Let a be y(12). Suppose 4*n = -4*i, n + 16 = a*i - 10*i. Let p(q) = -6 - 3*q**2 + 2*q**2 + 5*q + 0*q**2. Give p(n).
-2
Let k(v) be the first derivative of v**6/360 - v**5/40 - v**4/8 + v**3 + 5. Let s(i) be the third derivative of k(i). What is s(3)?
-3
Suppose 0*f = f - 1. Let z(s) = -9*s**2 + s - 1. Calculate z(f).
-9
Let o(g) be the second derivative of -g**3/6 - 4*g**2 + 5*g. What is o(-4)?
-4
Let v be (-9)/((-18)/16) - 2. Let b(t) = 5*t**2 + 11*t + 6. Let k(p) = 14*p**2 + 32*p + 17. Let a(r) = 17*b(r) - 6*k(r). Give a(v).
6
Let q(j) = -j**2 + j. Let s(f) = -f**2 - 7*f - 10. Let w be s(-4). Let v = -2 - -2. Suppose -w*g - 2 = -v*g. What is q(g)?
-2
Let f(n) = n**3 + n - 1. Let r(c) = -16*c**3 - c**2 - 7*c + 7. Let l(j) = -j**3 + 11*j**2 - 10*j + 6. Let a be l(10). Let b(y) = a*f(y) + r(y). What is b(1)?
-11
Let z = 20 + -18. Let i(o) = 0*o**2 + 3 - 2 - 2*o**2 + o. Calculate i(z).
-5
Let d(r) = -r - 6. Let p be d(-8). Let k(m) be the first derivative of -1/2*m**p - 4*m + 1 - 1/3*m**3. What is k(0)?
-4
Let d(i) = -4*i**2 - 4*i - 8. Let p(l) = 3*l**2 + 3*l + 7. Let b(t) = -4*d(t) - 5*p(t). Give b(-3).
3
Let d(h) = h - 14. Let b be ((-4 + 2)/((-1)/10))/2. Give d(b).
-4
Let d(o) = -5*o + 5. Let q(b) = -5*b + 4. Let m(v) = -5*d(v) + 6*q(v). Let x = -98 - -97. Determine m(x).
4
Let f(s) be the second derivative of s**4/12 - s**3/2 - 5*s**2/2 + s. Suppose 4*w + 0*k - 3*k = 27, -3*k = -3*w + 21. Suppose -41 = -w*d - 17. Determine f(d).
-1
Suppose 7 - 31 = 4*m. Let t(s) = s + 5. Determine t(m).
-1
Let d(h) = 34*h - 19*h - 10*h + 1. Suppose -4*q = -3*o + 3 - 14, -5*o - 3 = q. Give d(o).
-4
Let v(m) = m**2 + 11*m + 8. Let g be v(-7). Let b be (3/(-6))/(2/g). Let o(k) = 4*k + 12*k + 2 - k**2 - 21*k + 8*k. Give o(b).
-8
Let g(u) = 1 + 11*u + u - 11*u + 5. Determine g(-6).
0
Suppose -5*s + 1 = -24. Suppose s*t - 13 = 2. Let d(f) = f - 4. What is d(t)?
-1
Let x = -101 - -107. Let f(z) = z**2 - 5*z - 5. Calculate f(x).
1
Let z = -10 + 3. Let j be (-1 - (2 + -2))*-5. Let d = j + z. Let w(x) = x**2 - 2. Give w(d).
2
Suppose -5*x + 4*v - 24 + 71 = 0, -v - 38 = -5*x. Let z(d) = d**3 - 7*d**2 - 2*d + 2. Give z(x).
-12
Suppose -8 = -4*a - 4. Suppose s + 2 - a = t, -2 = -s. Let x(d) = -6 + d**t - 3*d + 8 + 0 - 2*d**2. Calculate x(3).
2
Let u be -2 + -3 - 4/(-4). Let a(r) = 9*r**3 + 8*r**2 + 4*r + 2. Let m(b) = -4*b**3 - 4*b**2 - 2*b - 1. Let l(t) = -3*a(t) - 7*m(t). What is l(u)?
-7
Let m be 0 - 20/(-9) - (-90)/(-405). Let t(o) be the second derivative of -o**3 + 0 - 1/2*o**m + o. Give t(-1).
5
Suppose -2 = m - 3. Let a = m - -2. Let w(z) = -2*z**2 + 17*z + 1. Let c(t) = t**2 - 9*t - 1. Let i(q) = 5*c(q) + 3*w(q). Determine i(a).
7
Let j be (-1)/2*0/2. Let n(z) = z**2 + 6 - 4 - 2*z + z. Determine n(j).
2
Let g(y) = -y**3 - 11*y**2 + 23*y - 38. Let x be g(-13). Let s(m) be the first derivative of 3/2*m**2 + m - 1. Calculate s(x).
4
Let m(w) be the first derivative of -5*w**3/3 + w**2 + w + 1. Let f(s) = s**2 - 9*s - 1. Let v be f(9). Calculate m(v).
-6
Let d be 5/3 + 2/(-3). Let i be (0 + d/(-3))*-15. Let p(y) be the second derivative of -y**5/20 + 5*y**4/12 + y**3/6 - y**2/2 - y. What is p(i)?
4
Let w = 11 + -17. Let o(x) = -6*x**3 - 10*x**2 + 6*x - 5. Let l(f) = 5*f**3 + 9*f**2 - 6*f + 4. Let u(i) = -5*l(i) - 4*o(i). Calculate u(w).
0
Let x = 5 - 3. Suppose -3*f = c - 1, 2*c - 5 = x*f - 5*f. Let n(k) = -3*k**3 + 1. Give n(f).
4
Let r(m) = -9 + 1 - 2*m + m. Let s be (-4)/10 + 204/10. Suppose -s = 6*g - 2*g. Calculate r(g).
-3
Let z(b) = 12*b**3 + 0*b + 2*b**2 - 13*b**3 - b - 2*b + 1. Let a = -3 - -5. What is z(a)?
-5
Let s(b) = 3*b - 2*b + b - 1 - 3. Determine s(5).
6
Suppose 0 = -2*t + 5*t - 9. Suppose z + t*z - 16 = -4*p, 3*p = z + 20. Let r(h) = h - 3. Let k be r(p). Let j(u) = -u + 1. What is j(k)?
-2
Let o(b) be the first derivative of 2*b**2 - 8*b + 3 + 1/3*b**3. Determine o(-6).
4
Let f be -2*3/6 - (-10 - -10). Let d(a) = 21*a**2 - a. Calculate d(f).
22
Let y be 2*(0 - 0 - -1). Let w(u) = -3*u - 7. Let q be w(-3). Let f(i) = 3 - 4*i**q - i**2 + i**2 - 3*i + i**3 + i**y. What is f(2)?
-7
Let j(m) = 7*m**3 + m**2 + m. Let i = 9 - 9. Suppose -4*f + 15 = -7*f + 3*w, -f + 3*w - 13 = i. Calculate j(f).
-7
Let y(f) = -2*f - 2. Let p be y(-5). Let j = -3 + p. Let t(k) be the first derivative of k**2/2 - 4*k - 1. Determine t(j).
1
Let d(x) = -7*x**3 - 21*x**2 + 15. Let p be 8/3*(-3)/(-2). Let b(a) = -3*a**3 - 10*a**2 + 7. Let o(v) = p*d(v) - 9*b(v). Determine o(6).
-3
Let s = 37 - 29. Let m(f) = f**2 - 6*f - 10. Give m(s).
6
Suppose 10 = 3*y - y. Let w(n) = -n + 5. Let u be w(y). Let a(z) = -3*z - 5*z**2 + 8 + z**3 + 2 + 6*z**2 + 2*z. Determine a(u).
10
Let c(b) = 36*b - 39*b + b**3 + 0*b**2 + 4 - 2*b**2. What is c(3)?
4
Let p(b) = 5*b**2 - 3*b - 8. Let q(g) = -g**2 + g + 1. Let u(y) = p(y) + 6*q(y). What is u(4)?
-6
Let o(h) = -1 - 6*h**3 - 3 - 3*h**2 + 4*h**3 + 4*h + 3*h**3. Determine o(3).
8
Let f(l) be the first derivative of l**2/2 + 4*l + 7. Calculate f(-6).
-2
Let i(k) = k**2 - 9. Let a(p) = p + 1. Let q(j) = 4*a(j) + i(j). Suppose -39 = 12*r + 21. What is q(r)?
0
Let y(i) = i + 6 - 2*i + 3*i. Let j = 7 - 7. Suppose j*h - h - 5 = 0. Calculate y(h).
-4
Let c(i) = -i - 2. Let v = -3 + 5. Suppose -v*n - 2 = 0, 6 + 12 = 4*x - 2*n. What is c(x)?
-6
Suppose x + 3*x = 0. Let v(r) = -r + 5. Determine v(x).
5
Let t(n) be the second derivative of n**7/840 + n**6/90 + n**5/60 + n**4/12 - 3*n**3/2 + 2*n. Let u(v) be the second derivative of t(v). Give u(-2).
6
Let s(u) = u + 5. Let p be (-3)/(-1) + -3 + 1. Let n = p + 14. Suppose 5*x + z = -z - 20, -n = 5*x + 3*z. Calculate s(x).
-1
Let q(d) = d**2 - 3*d - 4. Let c(h) = -6*h**2 + 17*h + 23. Suppose -4*g = 5*w - 154, -w - 4*g = w - 52. Let t(f) = w*q(f) + 6*c(f). Give t(2).
-6
Let c(q) = 4*q - 18. Let i be c(6). Let r(l) = -l**2 + 5*l + 8. Calculate r(i).
2
Let p(u) = -3*u 